ided by 22004?
2929
Calculate the remainder when 156980 is divided by 190.
40
Calculate the remainder when 280320 is divided by 2225.
2195
Calculate the remainder when 2408262 is divided by 641.
25
Calculate the remainder when 586409 is divided by 65.
44
What is the remainder when 58401435 is divided by 72279?
3
What is the remainder when 1210421365 is divided by 37?
35
Calculate the remainder when 605767 is divided by 164.
115
What is the remainder when 46920706 is divided by 11730176?
2
Calculate the remainder when 101516029 is divided by 91.
69
What is the remainder when 2753999 is divided by 134?
31
What is the remainder when 51661883 is divided by 3047?
3045
Calculate the remainder when 304515 is divided by 399.
78
Calculate the remainder when 6545741 is divided by 857.
832
What is the remainder when 94252611 is divided by 6?
3
Calculate the remainder when 277869 is divided by 30825.
444
Calculate the remainder when 804514 is divided by 89385.
49
What is the remainder when 369494 is divided by 399?
20
Calculate the remainder when 189870 is divided by 280.
30
What is the remainder when 126359 is divided by 25104?
839
Calculate the remainder when 8755101 is divided by 16.
13
Calculate the remainder when 14071727 is divided by 2.
1
Calculate the remainder when 60150 is divided by 8569.
167
Calculate the remainder when 22405 is divided by 1655.
890
Calculate the remainder when 281533 is divided by 93797.
142
Calculate the remainder when 6248871 is divided by 977.
956
What is the remainder when 137537 is divided by 457?
437
Calculate the remainder when 1194075 is divided by 238815.
0
Calculate the remainder when 1394078 is divided by 82.
78
What is the remainder when 236608 is divided by 47193?
643
What is the remainder when 16058 is divided by 15173?
885
What is the remainder when 1116234 is divided by 10209?
3453
Calculate the remainder when 1378457 is divided by 41.
37
Calculate the remainder when 1437328 is divided by 15623.
12
What is the remainder when 1393587 is divided by 592?
19
Calculate the remainder when 1366543 is divided by 1052.
1047
What is the remainder when 29546 is divided by 753?
179
What is the remainder when 632784 is divided by 792?
768
What is the remainder when 2912337 is divided by 958?
17
What is the remainder when 25210717 is divided by 214?
19
Calculate the remainder when 2013128 is divided by 287589.
5
Calculate the remainder when 64326 is divided by 4155.
2001
Calculate the remainder when 428583 is divided by 6683.
871
What is the remainder when 8971593 is divided by 1495264?
9
What is the remainder when 5280659 is divided by 6?
5
Calculate the remainder when 60069702 is divided by 20023233.
3
What is the remainder when 257168 is divided by 128582?
4
What is the remainder when 166534099 is divided by 83?
77
Calculate the remainder when 5354611 is divided by 1830.
31
Calculate the remainder when 20663330 is divided by 2582915.
10
Calculate the remainder when 28975922 is divided by 11.
8
Calculate the remainder when 1126177 is divided by 1405.
772
What is the remainder when 5993570 is divided by 965?
920
What is the remainder when 120397935 is divided by 260?
255
Calculate the remainder when 504791 is divided by 2243.
116
Calculate the remainder when 142135668 is divided by 56.
52
Calculate the remainder when 44185045 is divided by 1014.
1009
What is the remainder when 83397725 is divided by 357?
26
Calculate the remainder when 224837287 is divided by 342.
331
What is the remainder when 1100050 is divided by 488?
98
Calculate the remainder when 141742 is divided by 296.
254
What is the remainder when 2584258 is divided by 1292107?
44
What is the remainder when 4481732 is divided by 30?
2
Calculate the remainder when 32242599 is divided by 233642.
3
What is the remainder when 135262 is divided by 33793?
90
What is the remainder when 2314 is divided by 1315?
999
Calculate the remainder when 409562 is divided by 384.
218
Calculate the remainder when 9728901 is divided by 218.
215
What is the remainder when 292609 is divided by 310?
279
What is the remainder when 1110759 is divided by 9?
6
Calculate the remainder when 340765 is divided by 24319.
299
Calculate the remainder when 4839615 is divided by 3382.
3355
What is the remainder when 414411 is divided by 2382?
2325
What is the remainder when 95595795 is divided by 1013?
1011
Calculate the remainder when 3261532 is divided by 191853.
31
Calculate the remainder when 2500082 is divided by 134.
44
Calculate the remainder when 1949802 is divided by 1485.
1482
Calculate the remainder when 74093 is divided by 2511.
1274
Calculate the remainder when 1423656 is divided by 56933.
331
What is the remainder when 2489026 is divided by 4?
2
What is the remainder when 7354411 is divided by 328?
323
What is the remainder when 312998 is divided by 188?
166
Calculate the remainder when 220529 is divided by 143.
23
Calculate the remainder when 9118942 is divided by 911892.
22
What is the remainder when 4965503 is divided by 993068?
163
What is the remainder when 84227 is divided by 41305?
1617
What is the remainder when 449529 is divided by 1989?
15
What is the remainder when 125634 is divided by 15703?
10
Calculate the remainder when 15912 is divided by 257.
235
Calculate the remainder when 80072 is divided by 2161.
115
Calculate the remainder when 5643305 is divided by 188110.
5
What is the remainder when 283192 is divided by 94369?
85
What is the remainder when 1465385 is divided by 169?
155
What is the remainder when 3110308 is divided by 368?
340
Calculate the remainder when 39100 is divided by 185.
65
What is the remainder when 219560 is divided by 326?
162
What is the remainder when 7838972 is divided by 9?
8
Calculate the remainder when 1239967 is divided by 1172.
1163
Calculate the remainder when 152206 is divided by 204.
22
Calculate the remainder when 13620323 is divided by 1529.
1520
Calculate the remainder when 16113991 is divided by 86.
85
What is the remainder when 3679633 is divided by 4249?
4248
What is the remainder when 429748 is divided by 212909?
3930
Calculate the remainder when 5145394 is divided by 7.
2
Calculate the remainder when 81612 is divided by 6247.
401
Calculate the remainder when 2239319 is divided by 153.
11
What is the remainder when 984812 is divided by 2751?
2705
Calculate the remainder when 1298982 is divided by 39.
9
What is the remainder when 664250 is divided by 480?
410
What is the remainder when 9872468 is divided by 159?
158
Calculate the remainder when 8522557 is divided by 4261277.
3
Calculate the remainder when 146861 is divided by 35933.
3129
Calculate the remainder when 262201 is divided by 387.
202
Calculate the remainder when 83426 is divided by 24.
2
What is the remainder when 13941143 is divided by 3582?
3581
Calculate the remainder when 94831 is divided by 94520.
311
Calculate the remainder when 2258547 is divided by 90329.
322
Calculate the remainder when 27442044 is divided by 701.
698
Calculate the remainder when 3415828 is divided by 73.
12
What is the remainder when 3198902 is divided by 3198882?
20
Calculate the remainder when 199520 is divided by 524.
400
Calculate the remainder when 17265438 is divided by 29.
27
Calculate the remainder when 45554073 is divided by 1760.
1753
Calculate the remainder when 2896876 is divided by 50.
26
What is the remainder when 3466006 is divided by 54?
16
Calculate the remainder when 98278 is divided by 336.
166
What is the remainder when 300090 is divided by 1115?
155
What is the remainder when 31116520 is divided by 75?
70
Calculate the remainder when 1809306 is divided by 121.
114
What is the remainder when 45771 is divided by 11191?
1007
Calculate the remainder when 20110006 is divided by 275479.
39
Calculate the remainder when 8459010 is divided by 759.
714
What is the remainder when 1257369 is divided by 20?
9
Calculate the remainder when 106291 is divided by 14846.
2369
Calculate the remainder when 546555 is divided by 66.
9
Calculate the remainder when 321154 is divided by 284.
234
Calculate the remainder when 276453 is divided by 30706.
99
What is the remainder when 401819 is divided by 80349?
74
What is the remainder when 482617 is divided by 482587?
30
Calculate the remainder 